
3, 5, 7
Let h(v) = -v**3 - 39*v**2 - 118*v - 34. What are the prime factors of h(-37)?
2, 797
Suppose -6*t = -t - 5. Let o be ((-24)/84)/((-6)/(-14))*(-12)/(-2). List the prime factors of t/(o/6)*-110.
3, 5, 11
Let w(s) = s**3 - 11*s**2 + 9*s - 4. Suppose 5*z = 2*l - 4 - 12, -3*l - z + 24 = 0. Let p be w(l). Let q = 174 + p. What are the prime factors of q?
2, 5
Suppose -104*j = -103*j. Suppose -25*f + 16*f + 3699 = j. What are the prime factors of f?
3, 137
Suppose 12*d = 2*d + 1534 - 434. List the prime factors of d.
2, 5, 11
Let k(z) = z**3 - 9*z**2 + 47*z - 65. What are the prime factors of k(27)?
2, 13, 19, 29
Suppose 39010 = 3*q - 2*z, 4*q = -5*z + 32501 + 19474. What are the prime factors of q?
2, 5, 13
Suppose -4*f = -o - 2*o + 50212, 0 = -5*o + 4*f + 83676. List the prime factors of o.
2, 47, 89
List the prime factors of (-3)/(2*(-6)/(-81276))*-2.
2, 3, 13, 521
Let f = -4130 + 6149. Suppose 4*a = a - f. What are the prime factors of a/(-7) + 3/(-21)?
2, 3
Suppose 4*g - 130*n = -134*n + 1388, -n = -3. What are the prime factors of g?
2, 43
Suppose 0 = 12*f + 284 + 280. Let m = 87 + f. Let n = m - -127. What are the prime factors of n?
167
Suppose -4*r + 44 = 20. Let v be 1*(20 - 1)/(r - 5). Let p = v - -25. What are the prime factors of p?
2, 11
Let h(d) = d**3 - 7*d**2 - 3*d - 34. Let x be h(8). Suppose -x*i = 3*i - 9153. What are the prime factors of i?
3, 113
Let l(m) = -7*m**3 - 13*m**2 - 21*m - 23. List the prime factors of l(-11).
2, 7, 71
Let n(o) = o**3 + 50*o**2 + 191*o - 16. List the prime factors of n(-35).
2, 13, 449
Let z = -10 + 8. Let h be z/(2/(-10) + 2/(-10)). Suppose h*w = 4*w + 50. What are the prime factors of w?
2, 5
Suppose -3*x + 62529 = -5661. List the prime factors of x.
2, 5, 2273
Let p(w) = w**2 + 6*w - 33. Let q be p(-12). Suppose 3334 = q*a - 14996. What are the prime factors of a?
2, 5, 47
Suppose 0 = -6*a - 496 - 2378. Let i = a - -154. Let z = -208 - i. List the prime factors of z.
3, 13
Suppose -383*r + 6834 = -380*r. Suppose -r = -5*v - 413. What are the prime factors of v?
373
Let s(o) = 56*o - 420. Suppose -30*i + 680 = -13*i. What are the prime factors of s(i)?
2, 5, 7, 13
Let m(f) = -41 - 1602*f**2 + 1653*f**2 - 13*f - 22*f - 7*f - 63 + f**3. What are the prime factors of m(-51)?
2, 1019
Let c(y) = -81*y - 64. Let k be c(-12). Suppose 0 = -3*r + k + 1567. List the prime factors of r.
3, 5, 11
Let l(y) = -y**2 - 9*y + 6. Suppose -8*i + 9 = 65. Let x be l(i). Suppose -65 - x = -d. What are the prime factors of d?
5, 17
Suppose -3*u + 12*u = 0. Let z = 600 + -294. Suppose u = -2*h, -2*c + h = -66 - z. List the prime factors of c.
2, 3, 31
Suppose -59*o = -5*p - 56*o + 35800, -p - 2*o = -7147. List the prime factors of p.
17, 421
Suppose -4 = 5*v + 4*d, -2*v - d - 4 = 3*d. Suppose -12*w - 36 + 348 = v. What are the prime factors of w?
2, 13
Let d(q) = -3*q. Let l(n) = -13*n + 9. Let f(g) = 3*d(g) - l(g). Let x be (2/3)/(1/6). List the prime factors of f(x).
7
Suppose 0 = -5*w + v + 41, 0*v = 2*v + 2. Let h(g) = g - 22*g**3 + 52*g**3 - 8*g**2 - 29*g**3 - 5 + 2*g. List the prime factors of h(w).
19
List the prime factors of 946 - ((-96)/(-64))/((-3)/(-14)).
3, 313
Let q = -20767 + 72117. List the prime factors of q.
2, 5, 13, 79
Let x(i) = -1073*i + 939. What are the prime factors of x(-28)?
30983
Let c(n) = 5*n**2 + 90*n + 194. Let x(h) = 3*h**2 + 44*h + 97. Let j(q) = 4*c(q) - 7*x(q). What are the prime factors of j(40)?
577
Let g = 1579 - 599. What are the prime factors of g?
2, 5, 7
Let n be 1105 + (10/(-8))/(1/4). Let z = n - 123. List the prime factors of z.
977
Let u(n) = 12*n**2 + 11*n - 21. Let h be u(4). Let g = 257 - h. What are the prime factors of g?
2, 3, 7
Suppose -12 = -4*m, 0 = 3*r + 5*m - 25 - 110. Let j = 504 + -449. Let u = r + j. What are the prime factors of u?
5, 19
Suppose 4*x + 3154 = 23790. What are the prime factors of x?
7, 11, 67
Suppose j + 4 = 0, -49*h - 3*j + 7988 = -48*h. List the prime factors of h.
2, 5
Suppose 4*o - 7563 = -b, 4*o = -5*b + 22737 + 15158. List the prime factors of b.
7583
Suppose -15049 = -4*n - 3*p, 80*n - 76*n = -4*p + 15044. List the prime factors of n.
2, 7, 269
Suppose 5877618 = -52*a + 46*a + 103*a. List the prime factors of a.
2, 3, 10099
Suppose 8*d = 10*d - 4, 5*l - 186307 = -d. What are the prime factors of l?
7, 5323
Let g = 759 - 383. Let i = g - 357. List the prime factors of i.
19
Suppose 49*x = 4*x - 28*x + 477931. What are the prime factors of x?
6547
Suppose 0 = 4*o + 2*s + 14, 3*o - 4*s = -3 - 2. What are the prime factors of 9 + o + 699/3?
239
Let b(d) = d**2 - 16*d - 17. Suppose 0 = 5*i - 2*n - 86, -3*n + 0*n - 9 = 0. Let a be b(i). Let s = a - -76. What are the prime factors of s?
59
List the prime factors of (-53)/(212/(-19872)) + -19.
7, 101
Suppose v = 2*q, -4*q + 3*v = 4*v - 12. Suppose 5*x = g + 1425, -2*x + 4*g + 548 = 8*g. Suppose x = q*a + 2*a. What are the prime factors of a?
71
Let s = -4127 + 4135. What are the prime factors of s?
2
Suppose 4*w + 2458 = -3*v, 5*w + v - 2*v = -3082. What are the prime factors of 3/(-6)*2 - (w + -3)?
2, 3, 103
Let c(d) = d**3 + 8*d**2 + 10*d + 21. Let j be c(-6). Suppose -j*f + 567 = -2667. List the prime factors of f.
2, 7
Suppose 2*m + 50781 = 3*u - 15399, 2*m = -3*u + 66168. List the prime factors of u.
2, 41, 269
Let o be (-1 + (0 - 4))/(3/(-6)). Suppose -n - t - 2 = -0, 0 = 5*n + t - o. Let l(s) = 15*s + 9. What are the prime factors of l(n)?
2, 3
Suppose 0 = 18*d - 23*d - l, -5*l - 22 = 3*d. List the prime factors of ((-3915)/54)/(d/(-4)).
2, 5, 29
Let s = -43 - -60. Let b be 73569/1507 + 4/22. Let l = s + b. What are the prime factors of l?
2, 3, 11
Let m(z) = -63*z + 92. Let c be m(-6). Suppose h - 154 = -b, -5*b + c = h + 2*h. What are the prime factors of h?
2, 3, 5
Let j be 2/(-15) - (-5 + 4512/(-90)). Let b = j + -54. List the prime factors of (b + 4)*(-520)/(-50).
2, 13
Suppose 3*q - 20 + 5 = 0. Suppose -31*x = -q*x - 7332. List the prime factors of x.
2, 3, 47
Let r(p) = -79*p - 2. Let q be (-3)/((-18)/8)*(-9)/(-2). Suppose -q + 2 = 4*i. List the prime factors of r(i).
7, 11
Let d = 920 + -463. Let y = d - 343. List the prime factors of y.
2, 3, 19
Let c = 351 - 506. Let k = 104 + c. Let b = 131 + k. List the prime factors of b.
2, 5
Let l be ((-12)/15)/(22/(-1925)). Let u = 152 - l. List the prime factors of u.
2, 41
Let n = -5224 - -8077. What are the prime factors of n?
3, 317
Let m = -232 + 439. Suppose i - m = 30. What are the prime factors of i?
3, 79
Suppose 9*w - 16*w - 113370 = -17*w. List the prime factors of w.
3, 3779
Suppose 8 + 4 = 3*w + 2*m, -5*m + 15 = 5*w. Suppose -w*k - 89 + 23 = 0. Let y(t) = 4*t**2 + 30*t - 1. List the prime factors of y(k).
3, 17
Let v(y) = 654*y - 52. Let d = 90 + -88. List the prime factors of v(d).
2, 157
Let j = 5331 - -4330. What are the prime factors of j?
9661
Let m be (10/7)/(81/1134). Let j = 9 - 6. Suppose j*b - m = -5. List the prime factors of b.
5
Let x(o) = 3*o**2 + 4*o + 22. Let l be x(-10). Let z = 3 - -5. Suppose -134 = -z*w + l. List the prime factors of w.
2, 13
Let q(a) = 15*a**2 + 20*a + 139. Let h be q(-8). Let u = -547 + h. List the prime factors of u.
2, 7
Let l be (4/6)/((-12)/324). What are the prime factors of 270 - (-13)/(39/l)?
2, 3, 11
Let r(k) = -k**2 - 6*k + 16. Let s = 34 + -42. Let f be r(s). Suppose f = -4*o - 3 + 111. List the prime factors of o.
3
Suppose -7*h - 446 + 2014 = 0. Suppose 0 = a + h + 140. Let o = -197 - a. List the prime factors of o.
167
Suppose 0 = -3*w + 3*m + 27, 5*w - m = -2*m + 51. Suppose -10*s + 30 = -w. List the prime factors of (-6)/3 + 176 + (3 - s).
173
Let u(h) be the first derivative of -4*h**4 - 3*h**3 - 13*h**2 - 5*h - 157. What are the prime factors of u(-4)?
11, 89
Let p(u) = 8*u**2 - 9*u - 6. Let k be p(-6). Let w = 796 + -958. Let l = k + w. List the prime factors of l.
2, 3, 29
Let w(v) = 8415*v - 87. List the prime factors of w(1).
2, 3, 347
Suppose 3*p - 2*c = -6*c + 16166, 2*c = -2. Suppose -19*y + 5*y + p = 0. What are the prime factors of y?
5, 7, 11
Suppose -b + 76821 = 27*i - 23*i, 0 = i + 2*b - 19207. What are the prime factors of i?
5, 23, 167
List the prime factors of ((621/36)/1)/(-5 + (-96446)/(-19288)).
23, 2411
List the prime factors of -12904*(-19 